{"id":6,"date":"2023-01-09T15:22:04","date_gmt":"2023-01-09T14:22:04","guid":{"rendered":"https:\/\/nartex.cz\/?page_id=6"},"modified":"2024-03-16T19:15:15","modified_gmt":"2024-03-16T18:15:15","slug":"hlavni","status":"publish","type":"page","link":"https:\/\/nartex.cz\/","title":{"rendered":"Hlavn\u00ed"},"content":{"rendered":"\n[et_pb_section fb_built=&#8220;1&#8243; fullwidth=&#8220;on&#8220; _builder_version=&#8220;4.19.4&#8243; _module_preset=&#8220;default&#8220; global_colors_info=&#8220;{}&#8220;][et_pb_fullwidth_header title=&#8220;NARTEX group s.r.o.&#8220; text_orientation=&#8220;right&#8220; header_fullscreen=&#8220;on&#8220; button_one_text=&#8220;V\u00edce informac\u00ed&#8220; button_one_url=&#8220;https:\/\/nartex.cz\/#uvod&#8220; button_two_text=&#8220;Kari\u00e9ra&#8220; button_two_url=&#8220;https:\/\/nartex.cz\/#kariera&#8220; logo_image_url=&#8220;https:\/\/nartex.cz\/wp-content\/uploads\/2023\/01\/Datovy-zdroj-1@4x.png&#8220; logo_image_url_tablet=&#8220;https:\/\/nartex.cz\/wp-content\/uploads\/2023\/01\/Datovy-zdroj-1@4x.png&#8220; logo_image_url_phone=&#8220;&#8220; logo_image_url_last_edited=&#8220;on|tablet&#8220; _builder_version=&#8220;4.19.4&#8243; _module_preset=&#8220;default&#8220; background_color=&#8220;rgba(0,0,0,0.55)&#8220; background_image=&#8220;https:\/\/nartex.cz\/wp-content\/uploads\/2023\/01\/fve_1.jpg&#8220; background_blend=&#8220;multiply&#8220; hover_enabled=&#8220;0&#8243; global_colors_info=&#8220;{}&#8220; title_text=&#8220;NARTEX&#8220; background_video_mp4=&#8220;https:\/\/nartex.cz\/wp-content\/uploads\/2023\/02\/NARTEX.mp4&#8243; sticky_enabled=&#8220;0&#8243;]<div>\n<p><span>Firma\u00a0<\/span><strong><span>NARTEX group s.r.o.<\/span><\/strong><span>\u00a0vznikla na z\u00e1klad\u011b dlouholet\u00fdch zku\u0161enost\u00ed v oboru v\u00fd\u0161kov\u00fdch prac\u00ed a souvisej\u00edc\u00edch \u0159emesel. <o:p><\/o:p><\/span><\/p>\n<\/div>[\/et_pb_fullwidth_header][\/et_pb_section][et_pb_section fb_built=&#8220;1&#8243; module_id=&#8220;uvod&#8220; _builder_version=&#8220;4.19.4&#8243; _module_preset=&#8220;default&#8220; global_colors_info=&#8220;{}&#8220;][et_pb_row use_custom_gutter=&#8220;on&#8220; gutter_width=&#8220;1&#8243; _builder_version=&#8220;4.19.4&#8243; _module_preset=&#8220;default&#8220; global_colors_info=&#8220;{}&#8220;][et_pb_column type=&#8220;4_4&#8243; _builder_version=&#8220;4.19.4&#8243; _module_preset=&#8220;default&#8220; global_colors_info=&#8220;{}&#8220;][et_pb_gallery gallery_ids=&#8220;44,45,46,47,48,49,50,51,52,53,54&#8243; gallery_orderby=&#8220;rand&#8220; posts_number=&#8220;8&#8243; show_title_and_caption=&#8220;off&#8220; show_pagination=&#8220;off&#8220; disabled_on=&#8220;on|off|off&#8220; _builder_version=&#8220;4.19.4&#8243; _module_preset=&#8220;default&#8220; global_colors_info=&#8220;{}&#8220;][\/et_pb_gallery][\/et_pb_column][\/et_pb_row][et_pb_row _builder_version=&#8220;4.19.4&#8243; _module_preset=&#8220;default&#8220; global_colors_info=&#8220;{}&#8220;][et_pb_column type=&#8220;4_4&#8243; _builder_version=&#8220;4.19.4&#8243; _module_preset=&#8220;default&#8220; global_colors_info=&#8220;{}&#8220;][et_pb_divider color=&#8220;#E09900&#8243; _builder_version=&#8220;4.19.4&#8243; _module_preset=&#8220;default&#8220; global_colors_info=&#8220;{}&#8220;][\/et_pb_divider][\/et_pb_column][\/et_pb_row][et_pb_row column_structure=&#8220;1_3,1_3,1_3&#8243; _builder_version=&#8220;4.19.4&#8243; _module_preset=&#8220;default&#8220; global_colors_info=&#8220;{}&#8220;][et_pb_column type=&#8220;1_3&#8243; _builder_version=&#8220;4.19.4&#8243; _module_preset=&#8220;default&#8220; global_colors_info=&#8220;{}&#8220;][et_pb_blurb title=&#8220;Odbornost&#8220; use_icon=&#8220;on&#8220; font_icon=&#8220;&#xf0c0;||fa||900&#8243; icon_color=&#8220;#0C71C3&#8243; image_icon_width=&#8220;50px&#8220; _builder_version=&#8220;4.19.4&#8243; _module_preset=&#8220;default&#8220; header_level=&#8220;h2&#8243; header_font=&#8220;|700|||||||&#8220; header_text_align=&#8220;center&#8220; body_text_align=&#8220;justify&#8220; global_colors_info=&#8220;{}&#8220;]<p>V\u0161ichni na\u0161i pracovn\u00edci jsou odborn\u011b pro\u0161koleni pro pr\u00e1ci ve v\u00fd\u0161k\u00e1ch a nad volnou hloubkou dle NV 362\/2005 Sb\u00a0a\u00a0samoz\u0159ejmost\u00ed je, \u017ee na\u0161e firma m\u00e1 sjednan\u00e9 poji\u0161t\u011bn\u00ed odpov\u011bdnosti.<\/p>[\/et_pb_blurb][\/et_pb_column][et_pb_column type=&#8220;1_3&#8243; _builder_version=&#8220;4.19.4&#8243; _module_preset=&#8220;default&#8220; global_colors_info=&#8220;{}&#8220;][et_pb_blurb title=&#8220;Obsluha elektrick\u00fdch za\u0159\u00edzen\u00ed&#8220; use_icon=&#8220;on&#8220; font_icon=&#8220;&#xf0e7;||fa||900&#8243; icon_color=&#8220;#0C71C3&#8243; image_icon_width=&#8220;50px&#8220; _builder_version=&#8220;4.19.4&#8243; _module_preset=&#8220;default&#8220; header_level=&#8220;h2&#8243; header_font=&#8220;|700|||||||&#8220; header_text_align=&#8220;center&#8220; body_text_align=&#8220;justify&#8220; global_colors_info=&#8220;{}&#8220;]<p>Vzhledem k\u00a0po\u017eadavk\u016fm vypl\u00fdvaj\u00edc\u00edch z\u00a0na\u0161\u00ed \u010dinnosti m\u00e1me paragraf \u00a7 6, 8a, 10 dle vyhl\u00e1\u0161ky 50\/1978 Sb. odborn\u00e9 zp\u016fsobilosti v\u00a0elektrotechnice<\/p>[\/et_pb_blurb][\/et_pb_column][et_pb_column type=&#8220;1_3&#8243; _builder_version=&#8220;4.19.4&#8243; _module_preset=&#8220;default&#8220; global_colors_info=&#8220;{}&#8220;][et_pb_blurb title=&#8220;Hornick\u00e9 \u010dinnosti&#8220; use_icon=&#8220;on&#8220; font_icon=&#8220;&#xf6fc;||fa||900&#8243; icon_color=&#8220;#0C71C3&#8243; image_icon_width=&#8220;50px&#8220; _builder_version=&#8220;4.19.4&#8243; _module_preset=&#8220;default&#8220; header_level=&#8220;h2&#8243; header_font=&#8220;|700|||||||&#8220; header_text_align=&#8220;center&#8220; body_text_align=&#8220;justify&#8220; global_colors_info=&#8220;{}&#8220;]<p>Opr\u00e1vn\u011bn\u00ed k\u00a0hornick\u00e9 \u010dinnosti a \u010dinnosti prov\u00e1d\u011bn\u00e9 hornick\u00fdm zp\u016fsobem dle vyhl\u00e1\u0161ky 15\/1995 Sb. \u00a7 2.pism. c, g 3.pism. a, c, h, i<\/p>[\/et_pb_blurb][\/et_pb_column][\/et_pb_row][et_pb_row _builder_version=&#8220;4.19.4&#8243; _module_preset=&#8220;default&#8220; global_colors_info=&#8220;{}&#8220;][et_pb_column type=&#8220;4_4&#8243; _builder_version=&#8220;4.19.4&#8243; _module_preset=&#8220;default&#8220; global_colors_info=&#8220;{}&#8220;][et_pb_divider color=&#8220;#E09900&#8243; _builder_version=&#8220;4.19.4&#8243; _module_preset=&#8220;default&#8220; global_colors_info=&#8220;{}&#8220;][\/et_pb_divider][\/et_pb_column][\/et_pb_row][\/et_pb_section][et_pb_section fb_built=&#8220;1&#8243; prev_background_color=&#8220;#ffffff&#8220; next_background_color=&#8220;#ffffff&#8220; module_id=&#8220;Nase_sluzby&#8220; _builder_version=&#8220;4.19.4&#8243; _module_preset=&#8220;default&#8220; background_color=&#8220;rgba(12,113,195,0.1)&#8220; top_divider_style=&#8220;mountains2&#8243; bottom_divider_style=&#8220;mountains2&#8243; global_colors_info=&#8220;{}&#8220;][et_pb_row _builder_version=&#8220;4.19.4&#8243; _module_preset=&#8220;default&#8220; global_colors_info=&#8220;{}&#8220;][et_pb_column type=&#8220;4_4&#8243; _builder_version=&#8220;4.19.4&#8243; _module_preset=&#8220;default&#8220; global_colors_info=&#8220;{}&#8220;][et_pb_text _builder_version=&#8220;4.19.4&#8243; _module_preset=&#8220;default&#8220; global_colors_info=&#8220;{}&#8220;]<div>\n<h2 style=\"text-align: center;\"><strong>Fotovoltaick\u00e9 elektr\u00e1rny<\/strong><\/h2>\n<p><span>Prov\u00e1d\u00edme instalace fotovoltaick\u00fdch elektr\u00e1ren, zejm\u00e9na FVE panel\u016f ve v\u00fd\u0161k\u00e1ch a na obt\u00ed\u017en\u011b p\u0159\u00edstupn\u00fdch m\u00edstech. Nej\u010dast\u011bji se jedn\u00e1 o v\u00fdrobn\u00ed, skladovac\u00ed nebo zem\u011bd\u011blsk\u00e9 objekty v\u00a0rozsahu 30-500 kWp.<o:p><\/o:p><\/span><\/p>\n<\/div>[\/et_pb_text][\/et_pb_column][\/et_pb_row][et_pb_row use_custom_gutter=&#8220;on&#8220; gutter_width=&#8220;1&#8243; _builder_version=&#8220;4.19.4&#8243; _module_preset=&#8220;default&#8220; global_colors_info=&#8220;{}&#8220;][et_pb_column type=&#8220;4_4&#8243; _builder_version=&#8220;4.19.4&#8243; _module_preset=&#8220;default&#8220; global_colors_info=&#8220;{}&#8220;][et_pb_gallery gallery_ids=&#8220;33,34,35,36,37,38,39,40&#8243; gallery_orderby=&#8220;rand&#8220; posts_number=&#8220;8&#8243; show_title_and_caption=&#8220;off&#8220; show_pagination=&#8220;off&#8220; _builder_version=&#8220;4.19.4&#8243; _module_preset=&#8220;default&#8220; global_colors_info=&#8220;{}&#8220;][\/et_pb_gallery][\/et_pb_column][\/et_pb_row][\/et_pb_section][et_pb_section fb_built=&#8220;1&#8243; _builder_version=&#8220;4.19.4&#8243; _module_preset=&#8220;default&#8220; global_colors_info=&#8220;{}&#8220;][et_pb_row _builder_version=&#8220;4.19.4&#8243; _module_preset=&#8220;default&#8220; global_colors_info=&#8220;{}&#8220;][et_pb_column type=&#8220;4_4&#8243; _builder_version=&#8220;4.19.4&#8243; _module_preset=&#8220;default&#8220; global_colors_info=&#8220;{}&#8220;][et_pb_text _builder_version=&#8220;4.19.4&#8243; _module_preset=&#8220;default&#8220; global_colors_info=&#8220;{}&#8220;]<div>\n<h2 style=\"text-align: center;\"><strong>Odstra\u0148ov\u00e1n\u00ed staveb<\/strong><\/h2>\n<p><span>Zaji\u0161\u0165ujeme horolezeckou asistenci u odstra\u0148ov\u00e1n\u00ed staveb odst\u0159elem. Pod\u00edleli jsme se nap\u0159\u00edklad na odst\u0159elu 2 vys\u00edla\u010d\u016f Topoln\u00e1 270 m, kom\u00ednu Bandl 161 m a vozovny Hloub\u011bt\u00edn. <o:p><\/o:p><\/span><\/p>\n<\/div>[\/et_pb_text][\/et_pb_column][\/et_pb_row][et_pb_row use_custom_gutter=&#8220;on&#8220; gutter_width=&#8220;1&#8243; _builder_version=&#8220;4.19.4&#8243; _module_preset=&#8220;default&#8220; global_colors_info=&#8220;{}&#8220;][et_pb_column type=&#8220;4_4&#8243; _builder_version=&#8220;4.19.4&#8243; _module_preset=&#8220;default&#8220; global_colors_info=&#8220;{}&#8220;][et_pb_gallery gallery_ids=&#8220;55,56,57,58,59,60,61,62&#8243; gallery_orderby=&#8220;rand&#8220; posts_number=&#8220;8&#8243; show_title_and_caption=&#8220;off&#8220; show_pagination=&#8220;off&#8220; _builder_version=&#8220;4.19.4&#8243; _module_preset=&#8220;default&#8220; global_colors_info=&#8220;{}&#8220;][\/et_pb_gallery][\/et_pb_column][\/et_pb_row][\/et_pb_section][et_pb_section fb_built=&#8220;1&#8243; prev_background_color=&#8220;#ffffff&#8220; next_background_color=&#8220;#ffffff&#8220; _builder_version=&#8220;4.19.4&#8243; _module_preset=&#8220;default&#8220; background_color=&#8220;rgba(224,153,0,0.1)&#8220; top_divider_style=&#8220;mountains2&#8243; bottom_divider_style=&#8220;mountains2&#8243; global_colors_info=&#8220;{}&#8220;][et_pb_row _builder_version=&#8220;4.19.4&#8243; _module_preset=&#8220;default&#8220; global_colors_info=&#8220;{}&#8220;][et_pb_column type=&#8220;4_4&#8243; _builder_version=&#8220;4.19.4&#8243; _module_preset=&#8220;default&#8220; global_colors_info=&#8220;{}&#8220;][et_pb_text _builder_version=&#8220;4.19.4&#8243; _module_preset=&#8220;default&#8220; global_colors_info=&#8220;{}&#8220;]<div>\n<h2 style=\"text-align: center;\"><strong>Instalace s\u00edt\u00ed<\/strong><\/h2>\n<p><span>Ve spolupr\u00e1ci s\u00a0firmou Petr Dobe\u0161 s\u00edt\u011b realizujeme instalace ochrann\u00fdch s\u00edt\u00ed proti ptactvu, mont\u00e1\u017ee voli\u00e9r, sportovn\u00edch a ochrann\u00fdch s\u00edt\u00ed. <o:p><\/o:p><\/span><\/p>\n<\/div>[\/et_pb_text][\/et_pb_column][\/et_pb_row][et_pb_row use_custom_gutter=&#8220;on&#8220; gutter_width=&#8220;1&#8243; _builder_version=&#8220;4.19.4&#8243; _module_preset=&#8220;default&#8220; global_colors_info=&#8220;{}&#8220;][et_pb_column type=&#8220;4_4&#8243; _builder_version=&#8220;4.19.4&#8243; _module_preset=&#8220;default&#8220; global_colors_info=&#8220;{}&#8220;][et_pb_gallery gallery_ids=&#8220;63,64,65,66,67,68,69,70&#8243; gallery_orderby=&#8220;rand&#8220; posts_number=&#8220;8&#8243; show_title_and_caption=&#8220;off&#8220; show_pagination=&#8220;off&#8220; _builder_version=&#8220;4.19.4&#8243; _module_preset=&#8220;default&#8220; global_colors_info=&#8220;{}&#8220;][\/et_pb_gallery][\/et_pb_column][\/et_pb_row][\/et_pb_section][et_pb_section fb_built=&#8220;1&#8243; _builder_version=&#8220;4.19.4&#8243; _module_preset=&#8220;default&#8220; global_colors_info=&#8220;{}&#8220;][et_pb_row _builder_version=&#8220;4.19.4&#8243; _module_preset=&#8220;default&#8220; global_colors_info=&#8220;{}&#8220;][et_pb_column type=&#8220;4_4&#8243; _builder_version=&#8220;4.19.4&#8243; _module_preset=&#8220;default&#8220; global_colors_info=&#8220;{}&#8220;][et_pb_text _builder_version=&#8220;4.19.4&#8243; _module_preset=&#8220;default&#8220; global_colors_info=&#8220;{}&#8220;]<div>\n<h2 style=\"text-align: center;\"><strong>Hornick\u00e9 pr\u00e1ce<\/strong><\/h2>\n<p><span>Vykon\u00e1v\u00e1me pr\u00e1ce prov\u00e1d\u011bn\u00e9 hornick\u00fdm zp\u016fsobem zejm\u00e9na pr\u00e1ce na zp\u0159\u00edstupn\u011bn\u00ed star\u00fdch d\u016fln\u00edch d\u011bl nebo trvale opu\u0161t\u011bn\u00fdch d\u011bl a pr\u00e1ce na jejich udr\u017eov\u00e1n\u00ed v\u00a0bezpe\u010dn\u00e9m stavu. Realizace podzemn\u00edch staveb, dokumenta\u010dn\u00ed a pr\u016fzkumn\u00e1 \u010dinnost. <o:p><\/o:p><\/span><\/p>\n<\/div>[\/et_pb_text][\/et_pb_column][\/et_pb_row][et_pb_row use_custom_gutter=&#8220;on&#8220; gutter_width=&#8220;1&#8243; _builder_version=&#8220;4.19.4&#8243; _module_preset=&#8220;default&#8220; global_colors_info=&#8220;{}&#8220;][et_pb_column type=&#8220;4_4&#8243; _builder_version=&#8220;4.19.4&#8243; _module_preset=&#8220;default&#8220; global_colors_info=&#8220;{}&#8220;][et_pb_gallery gallery_ids=&#8220;71,72,73,74,75,76&#8243; gallery_orderby=&#8220;rand&#8220; posts_number=&#8220;8&#8243; show_title_and_caption=&#8220;off&#8220; show_pagination=&#8220;off&#8220; _builder_version=&#8220;4.19.4&#8243; _module_preset=&#8220;default&#8220; global_colors_info=&#8220;{}&#8220;][\/et_pb_gallery][\/et_pb_column][\/et_pb_row][\/et_pb_section][et_pb_section fb_built=&#8220;1&#8243; prev_background_color=&#8220;#ffffff&#8220; next_background_color=&#8220;#ffffff&#8220; _builder_version=&#8220;4.19.4&#8243; _module_preset=&#8220;default&#8220; background_color=&#8220;rgba(12,113,195,0.1)&#8220; top_divider_style=&#8220;mountains2&#8243; bottom_divider_style=&#8220;mountains2&#8243; global_colors_info=&#8220;{}&#8220;][et_pb_row _builder_version=&#8220;4.19.4&#8243; _module_preset=&#8220;default&#8220; global_colors_info=&#8220;{}&#8220;][et_pb_column type=&#8220;4_4&#8243; _builder_version=&#8220;4.19.4&#8243; _module_preset=&#8220;default&#8220; global_colors_info=&#8220;{}&#8220;][et_pb_text _builder_version=&#8220;4.19.4&#8243; _module_preset=&#8220;default&#8220; global_colors_info=&#8220;{}&#8220;]<div>\n<h2 style=\"text-align: center;\"><strong>N\u00e1t\u011bry v\u00fd\u0161kov\u00fdch budov<\/strong><\/h2>\n<p><span>Zab\u00fdv\u00e1me se n\u00e1t\u011bry v\u00fd\u0161kov\u00fdch konstrukc\u00ed a budov. Pro tuto \u010dinnost vyu\u017e\u00edv\u00e1me modern\u00edch aplika\u010dn\u00edch metod nap\u0159\u00edklad airless a kvalitn\u00edch n\u00e1t\u011brov\u00fdch hmot zam\u011b\u0159en\u00fdch na jejich dlouhou \u017eivotnost. Realizujeme tak\u00e9 n\u00e1t\u011bry distribu\u010dn\u00ed a p\u0159enosov\u00e9 soustavy. Pro tuto \u010dinnost m\u00e1me pot\u0159ebn\u00e9 paragrafy vyhl\u00e1\u0161ky 50\/1978 Sb.<o:p><\/o:p><\/span><\/p>\n<\/div>[\/et_pb_text][\/et_pb_column][\/et_pb_row][et_pb_row use_custom_gutter=&#8220;on&#8220; gutter_width=&#8220;1&#8243; _builder_version=&#8220;4.19.4&#8243; _module_preset=&#8220;default&#8220; global_colors_info=&#8220;{}&#8220;][et_pb_column type=&#8220;4_4&#8243; _builder_version=&#8220;4.19.4&#8243; _module_preset=&#8220;default&#8220; global_colors_info=&#8220;{}&#8220;][et_pb_gallery gallery_ids=&#8220;77,78,79,80&#8243; gallery_orderby=&#8220;rand&#8220; posts_number=&#8220;8&#8243; show_title_and_caption=&#8220;off&#8220; show_pagination=&#8220;off&#8220; _builder_version=&#8220;4.19.4&#8243; _module_preset=&#8220;default&#8220; global_colors_info=&#8220;{}&#8220;][\/et_pb_gallery][\/et_pb_column][\/et_pb_row][\/et_pb_section][et_pb_section fb_built=&#8220;1&#8243; module_id=&#8220;kariera&#8220; _builder_version=&#8220;4.19.4&#8243; _module_preset=&#8220;default&#8220; global_colors_info=&#8220;{}&#8220;][et_pb_row _builder_version=&#8220;4.19.4&#8243; _module_preset=&#8220;default&#8220; global_colors_info=&#8220;{}&#8220;][et_pb_column type=&#8220;4_4&#8243; _builder_version=&#8220;4.19.4&#8243; _module_preset=&#8220;default&#8220; global_colors_info=&#8220;{}&#8220;][et_pb_text _builder_version=&#8220;4.19.4&#8243; _module_preset=&#8220;default&#8220; global_colors_info=&#8220;{}&#8220;]<div>\n<h2 style=\"text-align: center;\"><strong>Kari\u00e9ra<\/strong><\/h2>\n<p><span>Moment\u00e1ln\u011b hled\u00e1me posilu do na\u0161eho t\u00fdmu na dlouhodobou spolupr\u00e1ci.\u00a0 P\u0159ev\u00e1\u017en\u011b se jedn\u00e1 o mont\u00e1\u017ee fotovoltaick\u00fdch panel\u016f. Zku\u0161enost s\u00a0t\u00edmto druhem pr\u00e1ce ale nen\u00ed podm\u00ednkou. Preference lokalit Bene\u0161ov a okol\u00ed nebo Praha a okol\u00ed. Zp\u016fsob spolupr\u00e1ce a finan\u010dn\u00ed ohodnocen\u00ed \u0159e\u0161\u00edme individu\u00e1ln\u011b na z\u00e1klad\u011b spole\u010dn\u00e9 dohody. N\u00e1stup mo\u017en\u00fd ihned. Pokud t\u011b tato nab\u00eddka zaujala napi\u0161 n\u00e1m o sob\u011b n\u011bjak\u00e9 informace s\u00a0kontaktem do mailu a my se ti ozveme. <o:p><\/o:p><\/span><\/p>\n<\/div>[\/et_pb_text][\/et_pb_column][\/et_pb_row][\/et_pb_section][et_pb_section fb_built=&#8220;1&#8243; module_id=&#8220;kontakty&#8220; _builder_version=&#8220;4.19.4&#8243; _module_preset=&#8220;default&#8220; global_colors_info=&#8220;{}&#8220;][et_pb_row column_structure=&#8220;1_2,1_2&#8243; _builder_version=&#8220;4.19.4&#8243; _module_preset=&#8220;default&#8220; global_colors_info=&#8220;{}&#8220;][et_pb_column type=&#8220;1_2&#8243; _builder_version=&#8220;4.19.4&#8243; _module_preset=&#8220;default&#8220; global_colors_info=&#8220;{}&#8220;][et_pb_text _builder_version=&#8220;4.19.4&#8243; _module_preset=&#8220;default&#8220; global_colors_info=&#8220;{}&#8220;]<h2 style=\"text-align: center;\"><strong>NARTEX group s.r.o.<\/strong><\/h2>\n<p style=\"text-align: center;\"><span style=\"font-size: 16px;\"><\/span><\/p>\n<p style=\"text-align: center;\"><span style=\"font-size: 16px;\"><\/span><\/p>\n<p style=\"text-align: center;\"><span style=\"font-size: 16px;\"><\/span><\/p>\n<p style=\"text-align: center;\"><span style=\"font-size: 16px;\">Ho\u0161\u0165\u00e1lkova 705\/8<br \/><\/span><span style=\"font-size: 16px;\">Praha 6 &#8211; B\u0159evnov<br \/><\/span><span style=\"font-size: 16px;\">169 00<\/span><\/p>\n<p style=\"text-align: center;\"><span style=\"font-size: 16px;\"><\/span><\/p>\n<p style=\"text-align: center;\"><span style=\"font-size: 16px;\">I\u010c: 03630501<br \/>DI\u010c: CZ0360501<\/span><span style=\"font-size: 16px;\"><\/span><\/p>\n<p style=\"text-align: center;\"><span style=\"font-size: 16px;\"><\/span><\/p>\n<p style=\"text-align: center;\"><span style=\"font-size: 16px;\"><a href=\"mailto:info@nartex.cz\">info@nartex.cz<\/a><\/span><\/p>\n<p style=\"text-align: center;\"><span style=\"font-size: 16px;\"><\/span><\/p>\n<h2 style=\"text-align: center;\"><span style=\"font-size: 16px;\">\u00a0<\/span><\/h2>\n<p style=\"text-align: center;\">[\/et_pb_text][\/et_pb_column][et_pb_column type=&#8220;1_2&#8243; _builder_version=&#8220;4.19.4&#8243; _module_preset=&#8220;default&#8220; global_colors_info=&#8220;{}&#8220;][et_pb_map address=&#8220;Praha, \u010cesko&#8220; zoom_level=&#8220;11&#8243; address_lat=&#8220;50.086994238674&#8243; address_lng=&#8220;14.377375695312&#8243; _builder_version=&#8220;4.19.4&#8243; _module_preset=&#8220;default&#8220; global_colors_info=&#8220;{}&#8220;][et_pb_map_pin title=&#8220;S\u00eddlo&#8220; pin_address=&#8220;Ho\u0161\u0165\u00e1lkova 705, 169 00 Praha 6-B\u0159evnov, \u010cesko&#8220; pin_address_lat=&#8220;50.0830593&#8243; pin_address_lng=&#8220;14.3706775&#8243; _builder_version=&#8220;4.19.4&#8243; _module_preset=&#8220;default&#8220; global_colors_info=&#8220;{}&#8220;][\/et_pb_map_pin][\/et_pb_map][\/et_pb_column][\/et_pb_row][\/et_pb_section]\n","protected":false},"excerpt":{"rendered":"<p>Firma\u00a0NARTEX group s.r.o.\u00a0vznikla na z\u00e1klad\u011b dlouholet\u00fdch zku\u0161enost\u00ed v oboru v\u00fd\u0161kov\u00fdch prac\u00ed a souvisej\u00edc\u00edch \u0159emesel. V\u0161ichni na\u0161i pracovn\u00edci jsou odborn\u011b pro\u0161koleni pro pr\u00e1ci ve v\u00fd\u0161k\u00e1ch a nad volnou hloubkou dle NV 362\/2005 Sb\u00a0a\u00a0samoz\u0159ejmost\u00ed je, \u017ee na\u0161e firma m\u00e1 sjednan\u00e9 poji\u0161t\u011bn\u00ed odpov\u011bdnosti.Vzhledem k\u00a0po\u017eadavk\u016fm vypl\u00fdvaj\u00edc\u00edch z\u00a0na\u0161\u00ed \u010dinnosti m\u00e1me paragraf \u00a7 6, 8a, 10 dle vyhl\u00e1\u0161ky 50\/1978 Sb. odborn\u00e9 [&hellip;]<\/p>\n","protected":false},"author":1,"featured_media":0,"parent":0,"menu_order":0,"comment_status":"closed","ping_status":"closed","template":"","meta":{"_et_pb_use_builder":"on","_et_pb_old_content":"","_et_gb_content_width":"","_sitemap_exclude":false,"_sitemap_priority":"","_sitemap_frequency":"","footnotes":""},"class_list":["post-6","page","type-page","status-publish","hentry"],"_links":{"self":[{"href":"https:\/\/nartex.cz\/index.php?rest_route=\/wp\/v2\/pages\/6","targetHints":{"allow":["GET"]}}],"collection":[{"href":"https:\/\/nartex.cz\/index.php?rest_route=\/wp\/v2\/pages"}],"about":[{"href":"https:\/\/nartex.cz\/index.php?rest_route=\/wp\/v2\/types\/page"}],"author":[{"embeddable":true,"href":"https:\/\/nartex.cz\/index.php?rest_route=\/wp\/v2\/users\/1"}],"replies":[{"embeddable":true,"href":"https:\/\/nartex.cz\/index.php?rest_route=%2Fwp%2Fv2%2Fcomments&post=6"}],"version-history":[{"count":14,"href":"https:\/\/nartex.cz\/index.php?rest_route=\/wp\/v2\/pages\/6\/revisions"}],"predecessor-version":[{"id":25517,"href":"https:\/\/nartex.cz\/index.php?rest_route=\/wp\/v2\/pages\/6\/revisions\/25517"}],"wp:attachment":[{"href":"https:\/\/nartex.cz\/index.php?rest_route=%2Fwp%2Fv2%2Fmedia&parent=6"}],"curies":[{"name":"wp","href":"https:\/\/api.w.org\/{rel}","templated":true}]}}